{"id":4,"date":"2015-07-01T19:27:26","date_gmt":"2015-07-01T17:27:26","guid":{"rendered":"http:\/\/www.vernunftkraft-hessen.de\/wordpress\/?page_id=4"},"modified":"2025-04-24T17:45:08","modified_gmt":"2025-04-24T15:45:08","slug":"ueber-uns","status":"publish","type":"page","link":"http:\/\/www.vernunftkraft-hessen.de\/wordpress\/ueber-uns\/","title":{"rendered":"\u00dcber uns&#8230;"},"content":{"rendered":"<p>Herzlich Willkommen beim<\/p>\n<h2 class=\"rtecenter\" style=\"text-align: center;\"><span style=\"color: #008000;\"><strong><span style=\"color: #000000;\">Landesverband<\/span> Vernunft<span style=\"color: #000000;\">kraft-Hessen e.V.<\/span><\/strong><\/span><\/h2>\n<p class=\"rtecenter\" style=\"text-align: center;\"><strong>&#8211; B\u00fcndnis der hessischen B\u00fcrgerinitiativen &#8211;<\/strong><\/p>\n<p class=\"rtecenter\" style=\"text-align: center;\">Schloss 1, 35321 Laubach<\/p>\n<p class=\"rtecenter\">Vereinsregister: VR-Nr. 4697 Amtsgericht Gie\u00dfen<\/p>\n<p class=\"rtecenter\"><strong>Hessische B\u00fcrgerinitiativen und Vereine gegen die vielf\u00e4ltige Zerst\u00f6rung durch industrielle Windkraftanlagen:<\/strong><\/p>\n<p style=\"text-align: justify;\">Der Landesverband Vernunftkraft Hessen e.V. setzt sich f\u00fcr\u00a0 den <strong>Schutz<\/strong>, die <strong>Pflege<\/strong>, die <strong>Entwicklung<\/strong> und den <strong>Erhalt der Natur- und Kulturlandschaft Hessens<\/strong>, identisch mit den Gebietsgrenzen des Land Hessen, aber auch angrenzender R\u00e4ume ein, wenn Landschaften Hessens davon ber\u00fchrt werden. Er f\u00f6rdert das Bewusstsein in der Bev\u00f6lkerung f\u00fcr die Bedeutung und die <strong>Notwendigkeit der Bewahrung unber\u00fchrter Naturr\u00e4ume<\/strong> und von Landschaft und f\u00fcr eine<strong> technisch unbelastete Umwelt<\/strong>. Er vermittelt dabei sowohl die \u00f6kologisch fassbaren als auch die naturwissenschaftlich nicht erfassbaren Qualit\u00e4ten von Landschaften in diesem Geltungsbereich. Er vermittelt Kenntnisse dar\u00fcber, dass die hessischen Naturlandschaften <strong>lebensnotwendige Freir\u00e4ume<\/strong> f\u00fcr die dort lebenden Menschen darstellen und wichtige Grundlage dortiger l\u00e4ndlicher Lebensqualit\u00e4t sind. Er verfolgt dabei alle Ma\u00dfnahmen, die notwendig sind, um diese Vereinszwecke zu erreichen.<\/p>\n<p style=\"text-align: justify;\"><strong>Bitte unterst\u00fctzen Sie unsere wichtige Arbeit f\u00fcr Schutz, Pflege, Entwicklung<\/strong><strong> und Erhalt der Natur- und Kulturlandschaft Hessens!<\/strong><\/p>\n<p style=\"text-align: justify;\"><strong>Wir w\u00fcrden uns sehr freuen, wenn Sie unsere zeit- und kostenintensive, Arbeit im Sinne einer vern\u00fcnftigen Energiewirtschaft mit einer Geldspende auf das unten genannte Konto unterst\u00fctzen!<\/strong><\/p>\n<p style=\"text-align: justify;\">BANKVERBINDUNG: <strong>Sparkasse Laubach-Hungen<\/strong><br \/>\nIBAN: <strong>DE04 5135 2227 0000 0269 89<\/strong><br \/>\nBIC: <strong>HELADEF1LA<\/strong><br \/>\nKontonummer: 0000026989<br \/>\nBLZ: 513 522 27<\/p>\n<p>&nbsp;<\/p>\n<p><strong>Postanschrift:<\/strong><br \/>\nRolf Zimmermann<br \/>\nVorstand Vernunftkraft Hessen<br \/>\nLindenstrasse 19<br \/>\n63571 Gelnhausen<\/p>\n<p>&nbsp;<\/p>\n<p><strong data-cke-saved-href=\"http:\/\/www.vernunftkraft.de\/\">Vorstand:<\/strong><\/p>\n<table style=\"width: 840px;\">\n<tbody>\n<tr>\n<td style=\"width: 183px;\">Vorsitzender<\/td>\n<td style=\"width: 232.133px;\">Rolf Zimmermann<\/td>\n<td style=\"width: 375.867px;\"><a href=\"mailto:rolfmichael.zimmermann@gmx.de\">rolfmichael.zimmermann@gmx.de<\/a><\/td>\n<\/tr>\n<tr>\n<td style=\"width: 183px;\">1. Stellvertreter<\/td>\n<td style=\"width: 232.133px;\">Dr. Detlef Ahlborn<\/td>\n<td style=\"width: 375.867px;\"><a href=\"mailto:detlef.ahlborn@vernunftkraft-hessen.de\" data-cke-saved-href=\"mailto:karl.solms@vernunftkraft-hessen.de\">detlef.ahlborn@vernunftkraft-hessen.de<\/a><\/td>\n<\/tr>\n<tr>\n<td style=\"width: 183px;\">Schatzmeister<\/td>\n<td style=\"width: 232.133px;\">Christian Kessler<\/td>\n<td style=\"width: 375.867px;\"><\/td>\n<\/tr>\n<tr>\n<td style=\"width: 183px;\">Schriftf\u00fchrer<\/td>\n<td style=\"width: 232.133px;\">Rolf Schuster<\/td>\n<td style=\"width: 375.867px;\"><a href=\"mailto:rolf.schuster@vernunftkraft-hessen.de\" data-cke-saved-href=\"mailto:karl.solms@vernunftkraft-hessen.de\">rolf.schuster@vernunftkraft-hessen.de<\/a><\/td>\n<\/tr>\n<tr>\n<td style=\"width: 183px;\">1. Beisitzer<\/td>\n<td style=\"width: 232.133px;\">Gerd Marks<\/td>\n<td style=\"width: 375.867px;\"><\/td>\n<\/tr>\n<tr>\n<td style=\"width: 183px;\">2. Beisitzerin<\/td>\n<td style=\"width: 232.133px;\">Maritha R\u00e4msich<\/td>\n<td style=\"width: 375.867px;\"><\/td>\n<\/tr>\n<tr>\n<td style=\"width: 183px;\">3. Beisitzer<\/td>\n<td style=\"width: 232.133px;\">Joachim Weimer<\/td>\n<td style=\"width: 375.867px;\"><\/td>\n<\/tr>\n<\/tbody>\n<\/table>\n<div class=\"shariff shariff-align-flex-start shariff-widget-align-flex-start\" data-services=\"facebook\" data-url=\"http%3A%2F%2Fwww.vernunftkraft-hessen.de%2Fwordpress%2Fueber-uns%2F\" data-timestamp=\"1745516708\" data-hidezero=\"1\" data-backendurl=\"http:\/\/www.vernunftkraft-hessen.de\/wordpress\/wp-json\/shariff\/v1\/share_counts?\"><div class=\"ShariffHeadline\">Diesen Beitrag teilen<\/div><ul class=\"shariff-buttons theme-color orientation-horizontal buttonsize-small\"><li class=\"shariff-button facebook shariff-nocustomcolor\" style=\"background-color:#4273c8\"><a href=\"https:\/\/www.facebook.com\/sharer\/sharer.php?u=http%3A%2F%2Fwww.vernunftkraft-hessen.de%2Fwordpress%2Fueber-uns%2F\" title=\"Bei Facebook teilen\" aria-label=\"Bei Facebook teilen\" role=\"button\" rel=\"nofollow\" class=\"shariff-link\" style=\"; background-color:#3b5998; color:#fff\" target=\"_blank\"><span class=\"shariff-icon\" style=\"\"><svg width=\"32px\" height=\"20px\" xmlns=\"http:\/\/www.w3.org\/2000\/svg\" viewBox=\"0 0 18 32\"><path fill=\"#3b5998\" d=\"M17.1 0.2v4.7h-2.8q-1.5 0-2.1 0.6t-0.5 1.9v3.4h5.2l-0.7 5.3h-4.5v13.6h-5.5v-13.6h-4.5v-5.3h4.5v-3.9q0-3.3 1.9-5.2t5-1.8q2.6 0 4.1 0.2z\"\/><\/svg><\/span><span class=\"shariff-text\">teilen<\/span>&nbsp;<span data-service=\"facebook\" style=\"color:#3b5998\" class=\"shariff-count shariff-hidezero\"><\/span>&nbsp;<\/a><\/li><li class=\"shariff-button whatsapp shariff-nocustomcolor\" style=\"background-color:#5cbe4a\"><a href=\"https:\/\/api.whatsapp.com\/send?text=http%3A%2F%2Fwww.vernunftkraft-hessen.de%2Fwordpress%2Fueber-uns%2F%20%C3%9Cber%20uns%E2%80%A6\" title=\"Bei Whatsapp teilen\" aria-label=\"Bei Whatsapp teilen\" role=\"button\" rel=\"noopener nofollow\" class=\"shariff-link\" style=\"; background-color:#34af23; color:#fff\" target=\"_blank\"><span class=\"shariff-icon\" style=\"\"><svg width=\"32px\" height=\"20px\" xmlns=\"http:\/\/www.w3.org\/2000\/svg\" viewBox=\"0 0 32 32\"><path fill=\"#34af23\" d=\"M17.6 17.4q0.2 0 1.7 0.8t1.6 0.9q0 0.1 0 0.3 0 0.6-0.3 1.4-0.3 0.7-1.3 1.2t-1.8 0.5q-1 0-3.4-1.1-1.7-0.8-3-2.1t-2.6-3.3q-1.3-1.9-1.3-3.5v-0.1q0.1-1.6 1.3-2.8 0.4-0.4 0.9-0.4 0.1 0 0.3 0t0.3 0q0.3 0 0.5 0.1t0.3 0.5q0.1 0.4 0.6 1.6t0.4 1.3q0 0.4-0.6 1t-0.6 0.8q0 0.1 0.1 0.3 0.6 1.3 1.8 2.4 1 0.9 2.7 1.8 0.2 0.1 0.4 0.1 0.3 0 1-0.9t0.9-0.9zM14 26.9q2.3 0 4.3-0.9t3.6-2.4 2.4-3.6 0.9-4.3-0.9-4.3-2.4-3.6-3.6-2.4-4.3-0.9-4.3 0.9-3.6 2.4-2.4 3.6-0.9 4.3q0 3.6 2.1 6.6l-1.4 4.2 4.3-1.4q2.8 1.9 6.2 1.9zM14 2.2q2.7 0 5.2 1.1t4.3 2.9 2.9 4.3 1.1 5.2-1.1 5.2-2.9 4.3-4.3 2.9-5.2 1.1q-3.5 0-6.5-1.7l-7.4 2.4 2.4-7.2q-1.9-3.2-1.9-6.9 0-2.7 1.1-5.2t2.9-4.3 4.3-2.9 5.2-1.1z\"\/><\/svg><\/span><span class=\"shariff-text\">teilen<\/span>&nbsp;<\/a><\/li><li class=\"shariff-button threema shariff-nocustomcolor shariff-mobile\" style=\"background-color:#4fbc24\"><a href=\"threema:\/\/compose?text=%C3%9Cber%20uns%E2%80%A6%20http%3A%2F%2Fwww.vernunftkraft-hessen.de%2Fwordpress%2Fueber-uns%2F\" title=\"Bei Threema teilen\" aria-label=\"Bei Threema teilen\" role=\"button\" rel=\"noopener nofollow\" class=\"shariff-link\" style=\"; background-color:#1f1f1f; color:#fff\" target=\"_blank\"><span class=\"shariff-icon\" style=\"\"><svg width=\"32px\" height=\"20px\" xmlns=\"http:\/\/www.w3.org\/2000\/svg\" viewBox=\"0 0 32 32\"><path fill=\"#1f1f1f\" d=\"M30.8 10.9c-0.3-1.4-0.9-2.6-1.8-3.8-2-2.6-5.5-4.5-9.4-5.2-1.3-0.2-1.9-0.3-3.5-0.3s-2.2 0-3.5 0.3c-4 0.7-7.4 2.6-9.4 5.2-0.9 1.2-1.5 2.4-1.8 3.8-0.1 0.5-0.2 1.2-0.2 1.6 0 0.4 0.1 1.1 0.2 1.6 0.4 1.9 1.3 3.4 2.9 5 0.8 0.8 0.8 0.8 0.7 1.3 0 0.6-0.5 1.6-1.7 3.6-0.3 0.5-0.5 0.9-0.5 0.9 0 0.1 0.1 0.1 0.5 0 0.8-0.2 2.3-0.6 5.6-1.6 1.1-0.3 1.3-0.4 2.3-0.4 0.8 0 1.1 0 2.3 0.2 1.5 0.2 3.5 0.2 4.9 0 5.1-0.6 9.3-2.9 11.4-6.3 0.5-0.9 0.9-1.8 1.1-2.8 0.1-0.5 0.2-1.1 0.2-1.6 0-0.7-0.1-1.1-0.2-1.6-0.3-1.4 0.1 0.5 0 0zM20.6 17.3c0 0.4-0.4 0.8-0.8 0.8h-7.7c-0.4 0-0.8-0.4-0.8-0.8v-4.6c0-0.4 0.4-0.8 0.8-0.8h0.2l0-1.6c0-0.9 0-1.8 0.1-2 0.1-0.6 0.6-1.2 1.1-1.7s1.1-0.7 1.9-0.8c1.8-0.3 3.7 0.7 4.2 2.2 0.1 0.3 0.1 0.7 0.1 2.1v0 1.7h0.1c0.4 0 0.8 0.4 0.8 0.8v4.6zM15.6 7.3c-0.5 0.1-0.8 0.3-1.2 0.6s-0.6 0.8-0.7 1.3c0 0.2 0 0.8 0 1.5l0 1.2h4.6v-1.3c0-1 0-1.4-0.1-1.6-0.3-1.1-1.5-1.9-2.6-1.7zM25.8 28.2c0 1.2-1 2.2-2.1 2.2s-2.1-1-2.1-2.1c0-1.2 1-2.1 2.2-2.1s2.2 1 2.2 2.2zM18.1 28.2c0 1.2-1 2.2-2.1 2.2s-2.1-1-2.1-2.1c0-1.2 1-2.1 2.2-2.1s2.2 1 2.2 2.2zM10.4 28.2c0 1.2-1 2.2-2.1 2.2s-2.1-1-2.1-2.1c0-1.2 1-2.1 2.2-2.1s2.2 1 2.2 2.2z\"\/><\/svg><\/span><span class=\"shariff-text\">teilen<\/span>&nbsp;<\/a><\/li><\/ul><\/div>","protected":false},"excerpt":{"rendered":"<p>Herzlich Willkommen beim Landesverband Vernunftkraft-Hessen e.V. &#8211; B\u00fcndnis der hessischen B\u00fcrgerinitiativen &#8211; Schloss 1, 35321 Laubach Vereinsregister: VR-Nr. 4697 Amtsgericht Gie\u00dfen Hessische B\u00fcrgerinitiativen und Vereine gegen die vielf\u00e4ltige Zerst\u00f6rung durch industrielle Windkraftanlagen: Der Landesverband Vernunftkraft Hessen e.V. setzt sich f\u00fcr\u00a0 den Schutz, die Pflege, die Entwicklung und den Erhalt der Natur- und Kulturlandschaft Hessens, identisch &hellip; <a href=\"http:\/\/www.vernunftkraft-hessen.de\/wordpress\/ueber-uns\/\" class=\"more-link\"><span class=\"screen-reader-text\">\u201e\u00dcber uns&#8230;\u201c<\/span> weiterlesen<\/a><\/p>\n<div class=\"shariff shariff-align-flex-start shariff-widget-align-flex-start\" data-services=\"facebook\" data-url=\"http%3A%2F%2Fwww.vernunftkraft-hessen.de%2Fwordpress%2Fueber-uns%2F\" data-timestamp=\"1745516708\" data-hidezero=\"1\" data-backendurl=\"http:\/\/www.vernunftkraft-hessen.de\/wordpress\/wp-json\/shariff\/v1\/share_counts?\"><div class=\"ShariffHeadline\">Diesen Beitrag teilen<\/div><ul class=\"shariff-buttons theme-color orientation-horizontal buttonsize-small\"><li class=\"shariff-button facebook shariff-nocustomcolor\" style=\"background-color:#4273c8\"><a href=\"https:\/\/www.facebook.com\/sharer\/sharer.php?u=http%3A%2F%2Fwww.vernunftkraft-hessen.de%2Fwordpress%2Fueber-uns%2F\" title=\"Bei Facebook teilen\" aria-label=\"Bei Facebook teilen\" role=\"button\" rel=\"nofollow\" class=\"shariff-link\" style=\"; background-color:#3b5998; color:#fff\" target=\"_blank\"><span class=\"shariff-icon\" style=\"\"><svg width=\"32px\" height=\"20px\" xmlns=\"http:\/\/www.w3.org\/2000\/svg\" viewBox=\"0 0 18 32\"><path fill=\"#3b5998\" d=\"M17.1 0.2v4.7h-2.8q-1.5 0-2.1 0.6t-0.5 1.9v3.4h5.2l-0.7 5.3h-4.5v13.6h-5.5v-13.6h-4.5v-5.3h4.5v-3.9q0-3.3 1.9-5.2t5-1.8q2.6 0 4.1 0.2z\"\/><\/svg><\/span><span class=\"shariff-text\">teilen<\/span>&nbsp;<span data-service=\"facebook\" style=\"color:#3b5998\" class=\"shariff-count shariff-hidezero\"><\/span>&nbsp;<\/a><\/li><li class=\"shariff-button whatsapp shariff-nocustomcolor\" style=\"background-color:#5cbe4a\"><a href=\"https:\/\/api.whatsapp.com\/send?text=http%3A%2F%2Fwww.vernunftkraft-hessen.de%2Fwordpress%2Fueber-uns%2F%20%C3%9Cber%20uns%E2%80%A6\" title=\"Bei Whatsapp teilen\" aria-label=\"Bei Whatsapp teilen\" role=\"button\" rel=\"noopener nofollow\" class=\"shariff-link\" style=\"; background-color:#34af23; color:#fff\" target=\"_blank\"><span class=\"shariff-icon\" style=\"\"><svg width=\"32px\" height=\"20px\" xmlns=\"http:\/\/www.w3.org\/2000\/svg\" viewBox=\"0 0 32 32\"><path fill=\"#34af23\" d=\"M17.6 17.4q0.2 0 1.7 0.8t1.6 0.9q0 0.1 0 0.3 0 0.6-0.3 1.4-0.3 0.7-1.3 1.2t-1.8 0.5q-1 0-3.4-1.1-1.7-0.8-3-2.1t-2.6-3.3q-1.3-1.9-1.3-3.5v-0.1q0.1-1.6 1.3-2.8 0.4-0.4 0.9-0.4 0.1 0 0.3 0t0.3 0q0.3 0 0.5 0.1t0.3 0.5q0.1 0.4 0.6 1.6t0.4 1.3q0 0.4-0.6 1t-0.6 0.8q0 0.1 0.1 0.3 0.6 1.3 1.8 2.4 1 0.9 2.7 1.8 0.2 0.1 0.4 0.1 0.3 0 1-0.9t0.9-0.9zM14 26.9q2.3 0 4.3-0.9t3.6-2.4 2.4-3.6 0.9-4.3-0.9-4.3-2.4-3.6-3.6-2.4-4.3-0.9-4.3 0.9-3.6 2.4-2.4 3.6-0.9 4.3q0 3.6 2.1 6.6l-1.4 4.2 4.3-1.4q2.8 1.9 6.2 1.9zM14 2.2q2.7 0 5.2 1.1t4.3 2.9 2.9 4.3 1.1 5.2-1.1 5.2-2.9 4.3-4.3 2.9-5.2 1.1q-3.5 0-6.5-1.7l-7.4 2.4 2.4-7.2q-1.9-3.2-1.9-6.9 0-2.7 1.1-5.2t2.9-4.3 4.3-2.9 5.2-1.1z\"\/><\/svg><\/span><span class=\"shariff-text\">teilen<\/span>&nbsp;<\/a><\/li><li class=\"shariff-button threema shariff-nocustomcolor shariff-mobile\" style=\"background-color:#4fbc24\"><a href=\"threema:\/\/compose?text=%C3%9Cber%20uns%E2%80%A6%20http%3A%2F%2Fwww.vernunftkraft-hessen.de%2Fwordpress%2Fueber-uns%2F\" title=\"Bei Threema teilen\" aria-label=\"Bei Threema teilen\" role=\"button\" rel=\"noopener nofollow\" class=\"shariff-link\" style=\"; background-color:#1f1f1f; color:#fff\" target=\"_blank\"><span class=\"shariff-icon\" style=\"\"><svg width=\"32px\" height=\"20px\" xmlns=\"http:\/\/www.w3.org\/2000\/svg\" viewBox=\"0 0 32 32\"><path fill=\"#1f1f1f\" d=\"M30.8 10.9c-0.3-1.4-0.9-2.6-1.8-3.8-2-2.6-5.5-4.5-9.4-5.2-1.3-0.2-1.9-0.3-3.5-0.3s-2.2 0-3.5 0.3c-4 0.7-7.4 2.6-9.4 5.2-0.9 1.2-1.5 2.4-1.8 3.8-0.1 0.5-0.2 1.2-0.2 1.6 0 0.4 0.1 1.1 0.2 1.6 0.4 1.9 1.3 3.4 2.9 5 0.8 0.8 0.8 0.8 0.7 1.3 0 0.6-0.5 1.6-1.7 3.6-0.3 0.5-0.5 0.9-0.5 0.9 0 0.1 0.1 0.1 0.5 0 0.8-0.2 2.3-0.6 5.6-1.6 1.1-0.3 1.3-0.4 2.3-0.4 0.8 0 1.1 0 2.3 0.2 1.5 0.2 3.5 0.2 4.9 0 5.1-0.6 9.3-2.9 11.4-6.3 0.5-0.9 0.9-1.8 1.1-2.8 0.1-0.5 0.2-1.1 0.2-1.6 0-0.7-0.1-1.1-0.2-1.6-0.3-1.4 0.1 0.5 0 0zM20.6 17.3c0 0.4-0.4 0.8-0.8 0.8h-7.7c-0.4 0-0.8-0.4-0.8-0.8v-4.6c0-0.4 0.4-0.8 0.8-0.8h0.2l0-1.6c0-0.9 0-1.8 0.1-2 0.1-0.6 0.6-1.2 1.1-1.7s1.1-0.7 1.9-0.8c1.8-0.3 3.7 0.7 4.2 2.2 0.1 0.3 0.1 0.7 0.1 2.1v0 1.7h0.1c0.4 0 0.8 0.4 0.8 0.8v4.6zM15.6 7.3c-0.5 0.1-0.8 0.3-1.2 0.6s-0.6 0.8-0.7 1.3c0 0.2 0 0.8 0 1.5l0 1.2h4.6v-1.3c0-1 0-1.4-0.1-1.6-0.3-1.1-1.5-1.9-2.6-1.7zM25.8 28.2c0 1.2-1 2.2-2.1 2.2s-2.1-1-2.1-2.1c0-1.2 1-2.1 2.2-2.1s2.2 1 2.2 2.2zM18.1 28.2c0 1.2-1 2.2-2.1 2.2s-2.1-1-2.1-2.1c0-1.2 1-2.1 2.2-2.1s2.2 1 2.2 2.2zM10.4 28.2c0 1.2-1 2.2-2.1 2.2s-2.1-1-2.1-2.1c0-1.2 1-2.1 2.2-2.1s2.2 1 2.2 2.2z\"\/><\/svg><\/span><span class=\"shariff-text\">teilen<\/span>&nbsp;<\/a><\/li><\/ul><\/div>","protected":false},"author":9,"featured_media":0,"parent":0,"menu_order":20,"comment_status":"open","ping_status":"open","template":"","meta":{"footnotes":""},"class_list":["post-4","page","type-page","status-publish","hentry"],"_links":{"self":[{"href":"http:\/\/www.vernunftkraft-hessen.de\/wordpress\/wp-json\/wp\/v2\/pages\/4","targetHints":{"allow":["GET"]}}],"collection":[{"href":"http:\/\/www.vernunftkraft-hessen.de\/wordpress\/wp-json\/wp\/v2\/pages"}],"about":[{"href":"http:\/\/www.vernunftkraft-hessen.de\/wordpress\/wp-json\/wp\/v2\/types\/page"}],"author":[{"embeddable":true,"href":"http:\/\/www.vernunftkraft-hessen.de\/wordpress\/wp-json\/wp\/v2\/users\/9"}],"replies":[{"embeddable":true,"href":"http:\/\/www.vernunftkraft-hessen.de\/wordpress\/wp-json\/wp\/v2\/comments?post=4"}],"version-history":[{"count":37,"href":"http:\/\/www.vernunftkraft-hessen.de\/wordpress\/wp-json\/wp\/v2\/pages\/4\/revisions"}],"predecessor-version":[{"id":38743,"href":"http:\/\/www.vernunftkraft-hessen.de\/wordpress\/wp-json\/wp\/v2\/pages\/4\/revisions\/38743"}],"wp:attachment":[{"href":"http:\/\/www.vernunftkraft-hessen.de\/wordpress\/wp-json\/wp\/v2\/media?parent=4"}],"curies":[{"name":"wp","href":"https:\/\/api.w.org\/{rel}","templated":true}]}}