{"id":4341,"date":"2016-12-06T21:12:32","date_gmt":"2016-12-06T20:12:32","guid":{"rendered":"http:\/\/www.vernunftkraft-hessen.de\/wordpress\/?page_id=4341"},"modified":"2017-01-10T10:03:36","modified_gmt":"2017-01-10T09:03:36","slug":"flyer","status":"publish","type":"page","link":"http:\/\/www.vernunftkraft-hessen.de\/wordpress\/hilfe\/oeffentlichkeitsarbeit\/flyer\/","title":{"rendered":"Flugbl\u00e4tter"},"content":{"rendered":"<p style=\"text-align: justify;\">Da das Thema Windkraft in den meisten Medien oftmals nur einseitig dargestellt wird, bieten Flugbl\u00e4tter eine gute M\u00f6glichkeit die Bev\u00f6lkerung \u00fcber alle Aspekte zu informieren. Nur so wird deutlich, welchen Einfluss die industrielle Windkraft auf unseren Lebensraum, unsere Werte, die Natur und unsere Gesundheit hat. Die unten aufgef\u00fchrten Beispiele sind frei verf\u00fcgbar und k\u00f6nnen den jeweiligen Bed\u00fcrfnissen angepasst werden.<\/p>\n<h1 style=\"text-align: justify;\">B\u00fcrgerbefragung<\/h1>\n<p style=\"text-align: justify;\">Im Vorfeld einer <a href=\"http:\/\/www.gegenwind-wetterau.de\/gww983\/index.php\/2015\/04\/26\/buergerbefragung-in-rockenberg-gibt-klares-signal-an-die-politik\/\" target=\"_blank\">B\u00fcrgerbefragung in der Gemeinde Rockenberg<\/a> wurden drei Flugbl\u00e4tter zu unterschiedlichen Themen verteilt, um die Bev\u00f6lkerung umfassend zu informieren. Nachdem die Menschen erkannten, was mit der industrielle Windkraft einher geht, stimmten 72,9 % der B\u00fcrger gegen die geplante Errichtung von industriellen Windkraftanlagen in der Gemarkung der Gemeinde Rockenberg.<\/p>\n<p style=\"padding-left: 30px;\"><strong>30.03.2015 &#8211; Flugblatt 1 zur B\u00fcrgerbefragung &#8211; Gesundheitliche Folgen<\/strong><\/p>\n<figure id=\"attachment_4319\" aria-describedby=\"caption-attachment-4319\" style=\"width: 300px\" class=\"wp-caption aligncenter\"><a href=\"http:\/\/www.vernunftkraft-hessen.de\/wordpress\/wp-content\/uploads\/2016\/12\/Flyer-BF-1-Gesundheit.pdf\" target=\"_blank\"><img loading=\"lazy\" decoding=\"async\" class=\"wp-image-4319 size-medium\" src=\"http:\/\/www.vernunftkraft-hessen.de\/wordpress\/wp-content\/uploads\/2016\/12\/Flyer-BF-1-Gesundheit-300x210.jpg\" alt=\"flyer-bf-1-gesundheit\" width=\"300\" height=\"210\" srcset=\"http:\/\/www.vernunftkraft-hessen.de\/wordpress\/wp-content\/uploads\/2016\/12\/Flyer-BF-1-Gesundheit-300x210.jpg 300w, http:\/\/www.vernunftkraft-hessen.de\/wordpress\/wp-content\/uploads\/2016\/12\/Flyer-BF-1-Gesundheit-768x539.jpg 768w, http:\/\/www.vernunftkraft-hessen.de\/wordpress\/wp-content\/uploads\/2016\/12\/Flyer-BF-1-Gesundheit-1024x718.jpg 1024w, http:\/\/www.vernunftkraft-hessen.de\/wordpress\/wp-content\/uploads\/2016\/12\/Flyer-BF-1-Gesundheit.jpg 1072w\" sizes=\"auto, (max-width: 300px) 85vw, 300px\" \/><\/a><figcaption id=\"caption-attachment-4319\" class=\"wp-caption-text\">Flugblatt Doppelseitig DIN A4 \u2013 geeignet f\u00fcr \u2018FlyerAlarm.com\u2019<\/figcaption><\/figure>\n<p style=\"text-align: center;\"><strong><span style=\"color: #ff0000;\">OpenSource:<\/span><\/strong> <a title=\"OpenSource Flyer &quot;Gesundheit&quot;\" href=\"http:\/\/www.gegenwind-wetterau.de\/gww983\/wp-content\/uploads\/2015\/04\/Flyer-Gesundheit-OpenSource.odt\" target=\"_blank\">Flugblatt \u201eGesundheitliche Folgen\u201c zum Download<\/a><\/p>\n<p style=\"text-align: justify; padding-left: 30px;\"><strong>06.04.2015 &#8211; Flugblatt 2 zur B\u00fcrgerbefragung &#8211; Wirtschaftlichkeit<\/strong><\/p>\n<figure id=\"attachment_4320\" aria-describedby=\"caption-attachment-4320\" style=\"width: 300px\" class=\"wp-caption aligncenter\"><a href=\"http:\/\/www.vernunftkraft-hessen.de\/wordpress\/wp-content\/uploads\/2016\/12\/Flyer-BF-2-Wirtschaftlichkeit.pdf\" target=\"_blank\"><img loading=\"lazy\" decoding=\"async\" class=\"wp-image-4320 size-medium\" src=\"http:\/\/www.vernunftkraft-hessen.de\/wordpress\/wp-content\/uploads\/2016\/12\/Flyer-BF-2-Wirtschaftlichkeit-300x210.jpg\" alt=\"flyer-bf-2-wirtschaftlichkeit\" width=\"300\" height=\"210\" srcset=\"http:\/\/www.vernunftkraft-hessen.de\/wordpress\/wp-content\/uploads\/2016\/12\/Flyer-BF-2-Wirtschaftlichkeit-300x210.jpg 300w, http:\/\/www.vernunftkraft-hessen.de\/wordpress\/wp-content\/uploads\/2016\/12\/Flyer-BF-2-Wirtschaftlichkeit-768x539.jpg 768w, http:\/\/www.vernunftkraft-hessen.de\/wordpress\/wp-content\/uploads\/2016\/12\/Flyer-BF-2-Wirtschaftlichkeit-1024x718.jpg 1024w, http:\/\/www.vernunftkraft-hessen.de\/wordpress\/wp-content\/uploads\/2016\/12\/Flyer-BF-2-Wirtschaftlichkeit.jpg 1072w\" sizes=\"auto, (max-width: 300px) 85vw, 300px\" \/><\/a><figcaption id=\"caption-attachment-4320\" class=\"wp-caption-text\">Flugblatt Doppelseitig DIN A4 \u2013 geeignet f\u00fcr \u2018FlyerAlarm.com\u2019<\/figcaption><\/figure>\n<p style=\"text-align: center;\"><strong><span style=\"color: #ff0000;\">OpenSource:<\/span><\/strong> <a title=\"OpenSource Flyer &quot;Wirtschaftlichkeit&quot;\" href=\"http:\/\/www.gegenwind-wetterau.de\/gww983\/wp-content\/uploads\/2015\/04\/Flyer-Wirtschaftlichkeit-OpenSource.odt\" target=\"_blank\">Flugblatt \u201eWirtschaftlichkeit\u201c zum Download<\/a><\/p>\n<p style=\"text-align: justify; padding-left: 30px;\"><strong>13.04.2015 &#8211; Flugblatt 3 zur B\u00fcrgerbefragung &#8211; Wollen wir so leben?<\/strong><\/p>\n<figure id=\"attachment_4322\" aria-describedby=\"caption-attachment-4322\" style=\"width: 300px\" class=\"wp-caption aligncenter\"><a href=\"http:\/\/www.vernunftkraft-hessen.de\/wordpress\/wp-content\/uploads\/2016\/12\/Flyer-BF-2-Wirtschaftlichkeit.pdf\" target=\"_blank\"><img loading=\"lazy\" decoding=\"async\" class=\"wp-image-4322 size-medium\" src=\"http:\/\/www.vernunftkraft-hessen.de\/wordpress\/wp-content\/uploads\/2016\/12\/Flyer-BF-3-Wollen-wir-so-leben-300x210.jpg\" alt=\"flyer-bf-3-wollen-wir-so-leben\" width=\"300\" height=\"210\" srcset=\"http:\/\/www.vernunftkraft-hessen.de\/wordpress\/wp-content\/uploads\/2016\/12\/Flyer-BF-3-Wollen-wir-so-leben-300x210.jpg 300w, http:\/\/www.vernunftkraft-hessen.de\/wordpress\/wp-content\/uploads\/2016\/12\/Flyer-BF-3-Wollen-wir-so-leben-768x539.jpg 768w, http:\/\/www.vernunftkraft-hessen.de\/wordpress\/wp-content\/uploads\/2016\/12\/Flyer-BF-3-Wollen-wir-so-leben-1024x718.jpg 1024w, http:\/\/www.vernunftkraft-hessen.de\/wordpress\/wp-content\/uploads\/2016\/12\/Flyer-BF-3-Wollen-wir-so-leben.jpg 1072w\" sizes=\"auto, (max-width: 300px) 85vw, 300px\" \/><\/a><figcaption id=\"caption-attachment-4322\" class=\"wp-caption-text\">Flugblatt Doppelseitig DIN A4 \u2013 geeignet f\u00fcr \u2018FlyerAlarm.com\u2019<\/figcaption><\/figure>\n<p style=\"text-align: center;\"><strong><span style=\"color: #ff0000;\">OpenSource:<\/span><\/strong> <a title=\"OpenSource Flyer &quot;Wollen wir so leben?&quot;\" href=\"http:\/\/www.gegenwind-wetterau.de\/gww983\/wp-content\/uploads\/2015\/04\/Flyer-Wollen-wir-so-leben-OpenSource.odt\" target=\"_blank\">Flugblatt \u201eWollen wir so leben?\u201c zum Download<\/a><\/p>\n<h1>Vorhaben<\/h1>\n<p style=\"text-align: justify;\">Im allgemeinen agieren die Projektierer der Windkraft hinter den Kulissen. Daher ist es beim Bekanntwerden von Vorhaben enorm wichtig, die Bev\u00f6lkerung umfassend dar\u00fcber zu informieren was hinter ihrem R\u00fccken geschieht. Ansonsten entscheiden einige wenige \u00fcber das Schicksal von vielen.<\/p>\n<p style=\"text-align: justify; padding-left: 30px;\"><strong>14.11.2016 &#8211; Informationen zum Vorhaben &#8220;Windpark Bad Nauheim&#8221;<\/strong><\/p>\n<figure id=\"attachment_4330\" aria-describedby=\"caption-attachment-4330\" style=\"width: 300px\" class=\"wp-caption aligncenter\"><a href=\"http:\/\/www.vernunftkraft-hessen.de\/wordpress\/wp-content\/uploads\/2016\/12\/Flyer-WP-Bad-Nauheim-007-Preview.pdf\" target=\"_blank\"><img loading=\"lazy\" decoding=\"async\" class=\"wp-image-4330 size-medium\" src=\"http:\/\/www.vernunftkraft-hessen.de\/wordpress\/wp-content\/uploads\/2016\/12\/Doppelseite-WP-Bad-Nauheim-007-300x210.jpg\" alt=\"doppelseite-wp-bad-nauheim-007\" width=\"300\" height=\"210\" srcset=\"http:\/\/www.vernunftkraft-hessen.de\/wordpress\/wp-content\/uploads\/2016\/12\/Doppelseite-WP-Bad-Nauheim-007-300x210.jpg 300w, http:\/\/www.vernunftkraft-hessen.de\/wordpress\/wp-content\/uploads\/2016\/12\/Doppelseite-WP-Bad-Nauheim-007-768x537.jpg 768w, http:\/\/www.vernunftkraft-hessen.de\/wordpress\/wp-content\/uploads\/2016\/12\/Doppelseite-WP-Bad-Nauheim-007-1024x716.jpg 1024w, http:\/\/www.vernunftkraft-hessen.de\/wordpress\/wp-content\/uploads\/2016\/12\/Doppelseite-WP-Bad-Nauheim-007.jpg 1075w\" sizes=\"auto, (max-width: 300px) 85vw, 300px\" \/><\/a><figcaption id=\"caption-attachment-4330\" class=\"wp-caption-text\">Flugblatt Doppelseitig DIN A4 \u2013 geeignet f\u00fcr \u2018FlyerAlarm.com\u2019<\/figcaption><\/figure>\n<p style=\"text-align: center;\"><strong><span style=\"color: #ff0000;\">OpenSource:<\/span><\/strong> <a href=\"http:\/\/www.gegenwind-wetterau.de\/gww983\/wp-content\/uploads\/2016\/11\/Flyer-WP-Bad-Nauheim-007-OpenSource.odt\">Flugblatt \u201eEiner der sch\u00f6nsten Pl\u00e4tze Hessens\u201c zum Download<\/a><\/p>\n<h1 style=\"text-align: justify;\">Veranstaltungen<\/h1>\n<p>mehr in K\u00fcrze<\/p>\n<h1 style=\"text-align: justify;\">Informationen<\/h1>\n<p>mehr in K\u00fcrze<\/p>\n<div class=\"shariff shariff-align-flex-start shariff-widget-align-flex-start\" data-services=\"facebook\" data-url=\"http%3A%2F%2Fwww.vernunftkraft-hessen.de%2Fwordpress%2Fhilfe%2Foeffentlichkeitsarbeit%2Fflyer%2F\" data-timestamp=\"1484042616\" data-hidezero=\"1\" data-backendurl=\"http:\/\/www.vernunftkraft-hessen.de\/wordpress\/wp-json\/shariff\/v1\/share_counts?\"><div class=\"ShariffHeadline\">Diesen Beitrag teilen<\/div><ul class=\"shariff-buttons theme-color orientation-horizontal buttonsize-small\"><li class=\"shariff-button facebook shariff-nocustomcolor\" style=\"background-color:#4273c8\"><a href=\"https:\/\/www.facebook.com\/sharer\/sharer.php?u=http%3A%2F%2Fwww.vernunftkraft-hessen.de%2Fwordpress%2Fhilfe%2Foeffentlichkeitsarbeit%2Fflyer%2F\" title=\"Bei Facebook teilen\" aria-label=\"Bei Facebook teilen\" role=\"button\" rel=\"nofollow\" class=\"shariff-link\" style=\"; background-color:#3b5998; color:#fff\" target=\"_blank\"><span class=\"shariff-icon\" style=\"\"><svg width=\"32px\" height=\"20px\" xmlns=\"http:\/\/www.w3.org\/2000\/svg\" viewBox=\"0 0 18 32\"><path fill=\"#3b5998\" d=\"M17.1 0.2v4.7h-2.8q-1.5 0-2.1 0.6t-0.5 1.9v3.4h5.2l-0.7 5.3h-4.5v13.6h-5.5v-13.6h-4.5v-5.3h4.5v-3.9q0-3.3 1.9-5.2t5-1.8q2.6 0 4.1 0.2z\"\/><\/svg><\/span><span class=\"shariff-text\">teilen<\/span>&nbsp;<span data-service=\"facebook\" style=\"color:#3b5998\" class=\"shariff-count shariff-hidezero\"><\/span>&nbsp;<\/a><\/li><li class=\"shariff-button whatsapp shariff-nocustomcolor\" style=\"background-color:#5cbe4a\"><a href=\"https:\/\/api.whatsapp.com\/send?text=http%3A%2F%2Fwww.vernunftkraft-hessen.de%2Fwordpress%2Fhilfe%2Foeffentlichkeitsarbeit%2Fflyer%2F%20Flugbl%C3%A4tter\" title=\"Bei Whatsapp teilen\" aria-label=\"Bei Whatsapp teilen\" role=\"button\" rel=\"noopener nofollow\" class=\"shariff-link\" style=\"; background-color:#34af23; color:#fff\" target=\"_blank\"><span class=\"shariff-icon\" style=\"\"><svg width=\"32px\" height=\"20px\" xmlns=\"http:\/\/www.w3.org\/2000\/svg\" viewBox=\"0 0 32 32\"><path fill=\"#34af23\" d=\"M17.6 17.4q0.2 0 1.7 0.8t1.6 0.9q0 0.1 0 0.3 0 0.6-0.3 1.4-0.3 0.7-1.3 1.2t-1.8 0.5q-1 0-3.4-1.1-1.7-0.8-3-2.1t-2.6-3.3q-1.3-1.9-1.3-3.5v-0.1q0.1-1.6 1.3-2.8 0.4-0.4 0.9-0.4 0.1 0 0.3 0t0.3 0q0.3 0 0.5 0.1t0.3 0.5q0.1 0.4 0.6 1.6t0.4 1.3q0 0.4-0.6 1t-0.6 0.8q0 0.1 0.1 0.3 0.6 1.3 1.8 2.4 1 0.9 2.7 1.8 0.2 0.1 0.4 0.1 0.3 0 1-0.9t0.9-0.9zM14 26.9q2.3 0 4.3-0.9t3.6-2.4 2.4-3.6 0.9-4.3-0.9-4.3-2.4-3.6-3.6-2.4-4.3-0.9-4.3 0.9-3.6 2.4-2.4 3.6-0.9 4.3q0 3.6 2.1 6.6l-1.4 4.2 4.3-1.4q2.8 1.9 6.2 1.9zM14 2.2q2.7 0 5.2 1.1t4.3 2.9 2.9 4.3 1.1 5.2-1.1 5.2-2.9 4.3-4.3 2.9-5.2 1.1q-3.5 0-6.5-1.7l-7.4 2.4 2.4-7.2q-1.9-3.2-1.9-6.9 0-2.7 1.1-5.2t2.9-4.3 4.3-2.9 5.2-1.1z\"\/><\/svg><\/span><span class=\"shariff-text\">teilen<\/span>&nbsp;<\/a><\/li><li class=\"shariff-button threema shariff-nocustomcolor shariff-mobile\" style=\"background-color:#4fbc24\"><a href=\"threema:\/\/compose?text=Flugbl%C3%A4tter%20http%3A%2F%2Fwww.vernunftkraft-hessen.de%2Fwordpress%2Fhilfe%2Foeffentlichkeitsarbeit%2Fflyer%2F\" title=\"Bei Threema teilen\" aria-label=\"Bei Threema teilen\" role=\"button\" rel=\"noopener nofollow\" class=\"shariff-link\" style=\"; background-color:#1f1f1f; color:#fff\" target=\"_blank\"><span class=\"shariff-icon\" style=\"\"><svg width=\"32px\" height=\"20px\" xmlns=\"http:\/\/www.w3.org\/2000\/svg\" viewBox=\"0 0 32 32\"><path fill=\"#1f1f1f\" d=\"M30.8 10.9c-0.3-1.4-0.9-2.6-1.8-3.8-2-2.6-5.5-4.5-9.4-5.2-1.3-0.2-1.9-0.3-3.5-0.3s-2.2 0-3.5 0.3c-4 0.7-7.4 2.6-9.4 5.2-0.9 1.2-1.5 2.4-1.8 3.8-0.1 0.5-0.2 1.2-0.2 1.6 0 0.4 0.1 1.1 0.2 1.6 0.4 1.9 1.3 3.4 2.9 5 0.8 0.8 0.8 0.8 0.7 1.3 0 0.6-0.5 1.6-1.7 3.6-0.3 0.5-0.5 0.9-0.5 0.9 0 0.1 0.1 0.1 0.5 0 0.8-0.2 2.3-0.6 5.6-1.6 1.1-0.3 1.3-0.4 2.3-0.4 0.8 0 1.1 0 2.3 0.2 1.5 0.2 3.5 0.2 4.9 0 5.1-0.6 9.3-2.9 11.4-6.3 0.5-0.9 0.9-1.8 1.1-2.8 0.1-0.5 0.2-1.1 0.2-1.6 0-0.7-0.1-1.1-0.2-1.6-0.3-1.4 0.1 0.5 0 0zM20.6 17.3c0 0.4-0.4 0.8-0.8 0.8h-7.7c-0.4 0-0.8-0.4-0.8-0.8v-4.6c0-0.4 0.4-0.8 0.8-0.8h0.2l0-1.6c0-0.9 0-1.8 0.1-2 0.1-0.6 0.6-1.2 1.1-1.7s1.1-0.7 1.9-0.8c1.8-0.3 3.7 0.7 4.2 2.2 0.1 0.3 0.1 0.7 0.1 2.1v0 1.7h0.1c0.4 0 0.8 0.4 0.8 0.8v4.6zM15.6 7.3c-0.5 0.1-0.8 0.3-1.2 0.6s-0.6 0.8-0.7 1.3c0 0.2 0 0.8 0 1.5l0 1.2h4.6v-1.3c0-1 0-1.4-0.1-1.6-0.3-1.1-1.5-1.9-2.6-1.7zM25.8 28.2c0 1.2-1 2.2-2.1 2.2s-2.1-1-2.1-2.1c0-1.2 1-2.1 2.2-2.1s2.2 1 2.2 2.2zM18.1 28.2c0 1.2-1 2.2-2.1 2.2s-2.1-1-2.1-2.1c0-1.2 1-2.1 2.2-2.1s2.2 1 2.2 2.2zM10.4 28.2c0 1.2-1 2.2-2.1 2.2s-2.1-1-2.1-2.1c0-1.2 1-2.1 2.2-2.1s2.2 1 2.2 2.2z\"\/><\/svg><\/span><span class=\"shariff-text\">teilen<\/span>&nbsp;<\/a><\/li><\/ul><\/div>","protected":false},"excerpt":{"rendered":"<p>Da das Thema Windkraft in den meisten Medien oftmals nur einseitig dargestellt wird, bieten Flugbl\u00e4tter eine gute M\u00f6glichkeit die Bev\u00f6lkerung \u00fcber alle Aspekte zu informieren. Nur so wird deutlich, welchen Einfluss die industrielle Windkraft auf unseren Lebensraum, unsere Werte, die Natur und unsere Gesundheit hat. Die unten aufgef\u00fchrten Beispiele sind frei verf\u00fcgbar und k\u00f6nnen den &hellip; <a href=\"http:\/\/www.vernunftkraft-hessen.de\/wordpress\/hilfe\/oeffentlichkeitsarbeit\/flyer\/\" class=\"more-link\"><span class=\"screen-reader-text\">\u201eFlugbl\u00e4tter\u201c<\/span> weiterlesen<\/a><\/p>\n<div class=\"shariff shariff-align-flex-start shariff-widget-align-flex-start\" data-services=\"facebook\" data-url=\"http%3A%2F%2Fwww.vernunftkraft-hessen.de%2Fwordpress%2Fhilfe%2Foeffentlichkeitsarbeit%2Fflyer%2F\" data-timestamp=\"1484042616\" data-hidezero=\"1\" data-backendurl=\"http:\/\/www.vernunftkraft-hessen.de\/wordpress\/wp-json\/shariff\/v1\/share_counts?\"><div class=\"ShariffHeadline\">Diesen Beitrag teilen<\/div><ul class=\"shariff-buttons theme-color orientation-horizontal buttonsize-small\"><li class=\"shariff-button facebook shariff-nocustomcolor\" style=\"background-color:#4273c8\"><a href=\"https:\/\/www.facebook.com\/sharer\/sharer.php?u=http%3A%2F%2Fwww.vernunftkraft-hessen.de%2Fwordpress%2Fhilfe%2Foeffentlichkeitsarbeit%2Fflyer%2F\" title=\"Bei Facebook teilen\" aria-label=\"Bei Facebook teilen\" role=\"button\" rel=\"nofollow\" class=\"shariff-link\" style=\"; background-color:#3b5998; color:#fff\" target=\"_blank\"><span class=\"shariff-icon\" style=\"\"><svg width=\"32px\" height=\"20px\" xmlns=\"http:\/\/www.w3.org\/2000\/svg\" viewBox=\"0 0 18 32\"><path fill=\"#3b5998\" d=\"M17.1 0.2v4.7h-2.8q-1.5 0-2.1 0.6t-0.5 1.9v3.4h5.2l-0.7 5.3h-4.5v13.6h-5.5v-13.6h-4.5v-5.3h4.5v-3.9q0-3.3 1.9-5.2t5-1.8q2.6 0 4.1 0.2z\"\/><\/svg><\/span><span class=\"shariff-text\">teilen<\/span>&nbsp;<span data-service=\"facebook\" style=\"color:#3b5998\" class=\"shariff-count shariff-hidezero\"><\/span>&nbsp;<\/a><\/li><li class=\"shariff-button whatsapp shariff-nocustomcolor\" style=\"background-color:#5cbe4a\"><a href=\"https:\/\/api.whatsapp.com\/send?text=http%3A%2F%2Fwww.vernunftkraft-hessen.de%2Fwordpress%2Fhilfe%2Foeffentlichkeitsarbeit%2Fflyer%2F%20Flugbl%C3%A4tter\" title=\"Bei Whatsapp teilen\" aria-label=\"Bei Whatsapp teilen\" role=\"button\" rel=\"noopener nofollow\" class=\"shariff-link\" style=\"; background-color:#34af23; color:#fff\" target=\"_blank\"><span class=\"shariff-icon\" style=\"\"><svg width=\"32px\" height=\"20px\" xmlns=\"http:\/\/www.w3.org\/2000\/svg\" viewBox=\"0 0 32 32\"><path fill=\"#34af23\" d=\"M17.6 17.4q0.2 0 1.7 0.8t1.6 0.9q0 0.1 0 0.3 0 0.6-0.3 1.4-0.3 0.7-1.3 1.2t-1.8 0.5q-1 0-3.4-1.1-1.7-0.8-3-2.1t-2.6-3.3q-1.3-1.9-1.3-3.5v-0.1q0.1-1.6 1.3-2.8 0.4-0.4 0.9-0.4 0.1 0 0.3 0t0.3 0q0.3 0 0.5 0.1t0.3 0.5q0.1 0.4 0.6 1.6t0.4 1.3q0 0.4-0.6 1t-0.6 0.8q0 0.1 0.1 0.3 0.6 1.3 1.8 2.4 1 0.9 2.7 1.8 0.2 0.1 0.4 0.1 0.3 0 1-0.9t0.9-0.9zM14 26.9q2.3 0 4.3-0.9t3.6-2.4 2.4-3.6 0.9-4.3-0.9-4.3-2.4-3.6-3.6-2.4-4.3-0.9-4.3 0.9-3.6 2.4-2.4 3.6-0.9 4.3q0 3.6 2.1 6.6l-1.4 4.2 4.3-1.4q2.8 1.9 6.2 1.9zM14 2.2q2.7 0 5.2 1.1t4.3 2.9 2.9 4.3 1.1 5.2-1.1 5.2-2.9 4.3-4.3 2.9-5.2 1.1q-3.5 0-6.5-1.7l-7.4 2.4 2.4-7.2q-1.9-3.2-1.9-6.9 0-2.7 1.1-5.2t2.9-4.3 4.3-2.9 5.2-1.1z\"\/><\/svg><\/span><span class=\"shariff-text\">teilen<\/span>&nbsp;<\/a><\/li><li class=\"shariff-button threema shariff-nocustomcolor shariff-mobile\" style=\"background-color:#4fbc24\"><a href=\"threema:\/\/compose?text=Flugbl%C3%A4tter%20http%3A%2F%2Fwww.vernunftkraft-hessen.de%2Fwordpress%2Fhilfe%2Foeffentlichkeitsarbeit%2Fflyer%2F\" title=\"Bei Threema teilen\" aria-label=\"Bei Threema teilen\" role=\"button\" rel=\"noopener nofollow\" class=\"shariff-link\" style=\"; background-color:#1f1f1f; color:#fff\" target=\"_blank\"><span class=\"shariff-icon\" style=\"\"><svg width=\"32px\" height=\"20px\" xmlns=\"http:\/\/www.w3.org\/2000\/svg\" viewBox=\"0 0 32 32\"><path fill=\"#1f1f1f\" d=\"M30.8 10.9c-0.3-1.4-0.9-2.6-1.8-3.8-2-2.6-5.5-4.5-9.4-5.2-1.3-0.2-1.9-0.3-3.5-0.3s-2.2 0-3.5 0.3c-4 0.7-7.4 2.6-9.4 5.2-0.9 1.2-1.5 2.4-1.8 3.8-0.1 0.5-0.2 1.2-0.2 1.6 0 0.4 0.1 1.1 0.2 1.6 0.4 1.9 1.3 3.4 2.9 5 0.8 0.8 0.8 0.8 0.7 1.3 0 0.6-0.5 1.6-1.7 3.6-0.3 0.5-0.5 0.9-0.5 0.9 0 0.1 0.1 0.1 0.5 0 0.8-0.2 2.3-0.6 5.6-1.6 1.1-0.3 1.3-0.4 2.3-0.4 0.8 0 1.1 0 2.3 0.2 1.5 0.2 3.5 0.2 4.9 0 5.1-0.6 9.3-2.9 11.4-6.3 0.5-0.9 0.9-1.8 1.1-2.8 0.1-0.5 0.2-1.1 0.2-1.6 0-0.7-0.1-1.1-0.2-1.6-0.3-1.4 0.1 0.5 0 0zM20.6 17.3c0 0.4-0.4 0.8-0.8 0.8h-7.7c-0.4 0-0.8-0.4-0.8-0.8v-4.6c0-0.4 0.4-0.8 0.8-0.8h0.2l0-1.6c0-0.9 0-1.8 0.1-2 0.1-0.6 0.6-1.2 1.1-1.7s1.1-0.7 1.9-0.8c1.8-0.3 3.7 0.7 4.2 2.2 0.1 0.3 0.1 0.7 0.1 2.1v0 1.7h0.1c0.4 0 0.8 0.4 0.8 0.8v4.6zM15.6 7.3c-0.5 0.1-0.8 0.3-1.2 0.6s-0.6 0.8-0.7 1.3c0 0.2 0 0.8 0 1.5l0 1.2h4.6v-1.3c0-1 0-1.4-0.1-1.6-0.3-1.1-1.5-1.9-2.6-1.7zM25.8 28.2c0 1.2-1 2.2-2.1 2.2s-2.1-1-2.1-2.1c0-1.2 1-2.1 2.2-2.1s2.2 1 2.2 2.2zM18.1 28.2c0 1.2-1 2.2-2.1 2.2s-2.1-1-2.1-2.1c0-1.2 1-2.1 2.2-2.1s2.2 1 2.2 2.2zM10.4 28.2c0 1.2-1 2.2-2.1 2.2s-2.1-1-2.1-2.1c0-1.2 1-2.1 2.2-2.1s2.2 1 2.2 2.2z\"\/><\/svg><\/span><span class=\"shariff-text\">teilen<\/span>&nbsp;<\/a><\/li><\/ul><\/div>","protected":false},"author":7,"featured_media":0,"parent":4225,"menu_order":10,"comment_status":"closed","ping_status":"closed","template":"","meta":{"footnotes":""},"class_list":["post-4341","page","type-page","status-publish","hentry"],"_links":{"self":[{"href":"http:\/\/www.vernunftkraft-hessen.de\/wordpress\/wp-json\/wp\/v2\/pages\/4341","targetHints":{"allow":["GET"]}}],"collection":[{"href":"http:\/\/www.vernunftkraft-hessen.de\/wordpress\/wp-json\/wp\/v2\/pages"}],"about":[{"href":"http:\/\/www.vernunftkraft-hessen.de\/wordpress\/wp-json\/wp\/v2\/types\/page"}],"author":[{"embeddable":true,"href":"http:\/\/www.vernunftkraft-hessen.de\/wordpress\/wp-json\/wp\/v2\/users\/7"}],"replies":[{"embeddable":true,"href":"http:\/\/www.vernunftkraft-hessen.de\/wordpress\/wp-json\/wp\/v2\/comments?post=4341"}],"version-history":[{"count":10,"href":"http:\/\/www.vernunftkraft-hessen.de\/wordpress\/wp-json\/wp\/v2\/pages\/4341\/revisions"}],"predecessor-version":[{"id":4663,"href":"http:\/\/www.vernunftkraft-hessen.de\/wordpress\/wp-json\/wp\/v2\/pages\/4341\/revisions\/4663"}],"up":[{"embeddable":true,"href":"http:\/\/www.vernunftkraft-hessen.de\/wordpress\/wp-json\/wp\/v2\/pages\/4225"}],"wp:attachment":[{"href":"http:\/\/www.vernunftkraft-hessen.de\/wordpress\/wp-json\/wp\/v2\/media?parent=4341"}],"curies":[{"name":"wp","href":"https:\/\/api.w.org\/{rel}","templated":true}]}}